{"id":42,"date":"2020-02-21T11:36:00","date_gmt":"2020-02-21T10:36:00","guid":{"rendered":"https:\/\/humaainechair.wordpress.com\/?page_id=42"},"modified":"2020-11-12T17:10:45","modified_gmt":"2020-11-12T17:10:45","slug":"nos-chercheurs","status":"publish","type":"page","link":"https:\/\/humaaine-chaireia.fr\/index.php\/nos-chercheurs\/","title":{"rendered":"Chercheurs"},"content":{"rendered":"\n<p>Retrouvez ici les chercheurs qui contribuent \u00e0 faire avancer la science et l&rsquo;\u00e9thique !<\/p>\n\n\n\n<p>Notre \u00e9quipe est compos\u00e9e de quatre chercheurs d\u00e9cid\u00e9s \u00e0 faire avancer aussi bien la science que notre rapport aux nouvelles technologies ! Voici une rapide description de chacun d&rsquo;entre eux :<\/p>\n\n\n\n<div class=\"wp-block-group\"><div class=\"wp-block-group__inner-container is-layout-flow wp-block-group-is-layout-flow\">\n<div class=\"wp-block-group\"><div class=\"wp-block-group__inner-container is-layout-flow wp-block-group-is-layout-flow\">\n<div class=\"wp-block-group\"><div class=\"wp-block-group__inner-container is-layout-flow wp-block-group-is-layout-flow\">\n<div class=\"wp-block-image is-style-rounded\"><figure class=\"aligncenter size-thumbnail is-resized\"><a href=\"http:\/\/laurence-devillers.com\/\" target=\"_blank\" rel=\"noopener noreferrer\"><img loading=\"lazy\" decoding=\"async\" src=\"http:\/\/humaaine-chaireia.fr\/wp-content\/uploads\/2020\/02\/laurence_devillers_portrait-10.jpg?w=145\" alt=\"\" class=\"wp-image-96\" width=\"171\" height=\"177\" srcset=\"https:\/\/humaaine-chaireia.fr\/wp-content\/uploads\/2020\/02\/laurence_devillers_portrait-10.jpg 1313w, https:\/\/humaaine-chaireia.fr\/wp-content\/uploads\/2020\/02\/laurence_devillers_portrait-10-289x300.jpg 289w, https:\/\/humaaine-chaireia.fr\/wp-content\/uploads\/2020\/02\/laurence_devillers_portrait-10-988x1024.jpg 988w, https:\/\/humaaine-chaireia.fr\/wp-content\/uploads\/2020\/02\/laurence_devillers_portrait-10-768x796.jpg 768w\" sizes=\"(max-width: 171px) 100vw, 171px\" \/><\/a><\/figure><\/div>\n\n\n\n<p class=\"has-text-align-center\">Laurence DEVILLERS,<br>Chercheuse au CNRS-LIMSI<br>et Professeure en IA \u00e0 la Sorbonne-Universit\u00e9,<br>membre de DATAIA (bureau), du HUB FRANCE-IA,<br>du CNPEN (Comit\u00e9 National Pilote d&rsquo;Ethique du Num\u00e9rique)<\/p>\n\n\n\n<ul class=\"wp-block-list\"><li><strong>Laurence DEVILLERS<\/strong> dirige l&rsquo;\u00e9quipe \u00ab\u00a0Dimensions affectives et sociales dans les interactions parl\u00e9es\u00a0\u00bb au LIMSI dans le groupe\u00a0<a href=\"http:\/\/www.limsi.fr\/recherche\/tlp\">Traitement du Langage Parl\u00e9<\/a> depuis 2004 (5-10 personnes). Elle m\u00e8ne des recherches dans cette chaire sur : <ul><li>la d\u00e9tection des \u00e9motions sociales dans la voix et le contenu linguistique (\u00e9motions mixtes, attention, etc.) \u00e0 partir d&rsquo;indices para-linguistiques, extra-linguistiques, linguistiques et contextuels<\/li><li>l&rsquo;interpr\u00e9tation sociale et affective de nos comportements devant des machines conversationnelles (profil, intention, compr\u00e9hension, etc.)<\/li><li>aux strat\u00e9gies du dialogue (manipulation, n\u00e9gociation, nudging, etc.)<\/li><li>et \u00e0 <strong>question de l&rsquo;\u00e9thique<\/strong> dans nos<strong> interactions HM avec l&rsquo;intelligence artificielle<\/strong>.<\/li><\/ul><\/li><li>Au travers de ses <a href=\"https:\/\/scholar.google.fr\/citations?user=TYStBt0AAAAJ&amp;hl=fr\">publications scientifiques<\/a> (et de projets et exp\u00e9riences pluridisciplinaires avec des sp\u00e9cialistes informaticiens, linguistes et \u00e9conomistes, des interviews qu&rsquo;elle donne \u00e0 la radio et \u00e0 la t\u00e9l\u00e9vision, ainsi que de ses livres (Des robots et des hommes (2017), Les robots \u00e9motionnels (2020), La souverainet\u00e9 num\u00e9rique dans l&rsquo;apr\u00e8s-crise) elle permet au grand public de plonger dans le monde de demain en <strong>se posant les bonnes questions.<\/strong><\/li><\/ul>\n\n\n\n<div class=\"wp-block-image is-style-rounded\"><figure class=\"aligncenter size-large is-resized\"><a href=\"https:\/\/perso.limsi.fr\/wiki\/doku.php\/ioana\/accueil\" target=\"_blank\" rel=\"noopener noreferrer\"><img loading=\"lazy\" decoding=\"async\" src=\"http:\/\/humaaine-chaireia.fr\/wp-content\/uploads\/2020\/02\/ioana_vasilescu_2019-1.jpg?w=199\" alt=\"\" class=\"wp-image-373\" width=\"169\" height=\"169\" srcset=\"https:\/\/humaaine-chaireia.fr\/wp-content\/uploads\/2020\/02\/ioana_vasilescu_2019-1.jpg 199w, https:\/\/humaaine-chaireia.fr\/wp-content\/uploads\/2020\/02\/ioana_vasilescu_2019-1-150x150.jpg 150w\" sizes=\"(max-width: 169px) 100vw, 169px\" \/><\/a><\/figure><\/div>\n\n\n\n<p class=\"has-text-align-center\">Ioana VASILESCU,<br>Chercheuse CR1 HDR<br>CNRS &#8211; LIMSI<\/p>\n\n\n\n<ul class=\"wp-block-list\"><li><strong>Ioana VASILESCU<\/strong>, poursuit des recherches au LIMSI-CNRS dans le groupe&nbsp;<a href=\"http:\/\/www.limsi.fr\/recherche\/tlp\">Traitement du Langage Parl\u00e9<\/a> sur les th\u00e8mes autour de la :<ul><li>Variation phon\u00e9tique, grands corpus et changements sonores<\/li><li>Mod\u00e9lisation de la variation verbale et traitement automatique de la parole<\/li><li>Perception de la parole en relation avec les syst\u00e8mes automatiques<\/li><\/ul><\/li><\/ul>\n\n\n\n<div class=\"wp-block-image is-style-rounded\"><figure class=\"aligncenter size-large is-resized\"><a href=\"https:\/\/perso.limsi.fr\/wiki\/doku.php\/gadda\/start\" target=\"_blank\" rel=\"noopener noreferrer\"><img loading=\"lazy\" decoding=\"async\" src=\"http:\/\/humaaine-chaireia.fr\/wp-content\/uploads\/2020\/02\/adda-carrc3a9.jpg?w=199\" alt=\"\" class=\"wp-image-375\" width=\"179\" height=\"180\" srcset=\"https:\/\/humaaine-chaireia.fr\/wp-content\/uploads\/2020\/02\/adda-carrc3a9.jpg 199w, https:\/\/humaaine-chaireia.fr\/wp-content\/uploads\/2020\/02\/adda-carrc3a9-150x150.jpg 150w\" sizes=\"(max-width: 179px) 100vw, 179px\" \/><\/a><\/figure><\/div>\n\n\n\n<p class=\"has-text-align-center\">Gilles ADDA,<br>Chercheur Ing\u00e9nieur, LIMSI-CNRS,<br>Directeur du d\u00e9partement \u00ab\u00a0Langues\u00a0\u00bb du LIMSI,<br>membre du CCNE et CNPEN<\/p>\n\n\n\n<p style=\"font-size:15.6px\"><strong>Gilles ADDA<\/strong> poursuit ses recherches dans le groupe&nbsp;<a href=\"http:\/\/www.limsi.fr\/recherche\/tlp\">Traitement du Langage Parl\u00e9<\/a><\/p>\n\n\n\n<div class=\"wp-block-image is-style-rounded\"><figure class=\"aligncenter size-large is-resized\"><a href=\"https:\/\/perso.limsi.fr\/bilinski\/\" target=\"_blank\" rel=\"noopener noreferrer\"><img loading=\"lazy\" decoding=\"async\" src=\"http:\/\/humaaine-chaireia.fr\/wp-content\/uploads\/2020\/02\/bilinski.jpg?w=154\" alt=\"\" class=\"wp-image-514\" width=\"146\" height=\"137\"\/><\/a><\/figure><\/div>\n\n\n\n<p class=\"has-text-align-center\">Eric BILINSKI,<br>P\u00f4le d&rsquo;Ing\u00e9nierie Informatique,<br>LIMSI-CNRS<\/p>\n\n\n\n<p style=\"font-size:15.6px\"><strong>Eric BILINSKI<\/strong> est Ing\u00e9nieur au LIMSI-CNRS dans le groupe <a href=\"http:\/\/limsi.fr\/recherche\/tlp(ouvre un nouvel onglet)\">Traitement du Langage Parl\u00e9<\/a><\/p>\n\n\n\n<div class=\"wp-block-image is-style-rounded\"><figure class=\"aligncenter size-large is-resized\"><img loading=\"lazy\" decoding=\"async\" src=\"http:\/\/humaaine-chaireia.fr\/wp-content\/uploads\/2020\/11\/Hugues-img-provisoire.jpg\" alt=\"\" class=\"wp-image-796\" width=\"150\" height=\"150\"\/><\/figure><\/div>\n\n\n\n<p class=\"has-text-align-center\">Hugues ALI MEHENNI,<br>Machine Learning,<br>Doctorant au LIMSI-CNRS<\/p>\n\n\n\n<p style=\"font-size:15.6px\"><strong>Hugues ALI MEHENNI, <\/strong>est en th\u00e8se dans le cadre du projet Bad Nudge Bad Robot<\/p>\n\n\n\n<div class=\"wp-block-image is-style-rounded\"><figure class=\"aligncenter size-large is-resized\"><a href=\"http:\/\/www.ritm.universite-paris-saclay.fr\/researchers\/serge-pajak\/\" target=\"_blank\" rel=\"noopener noreferrer\"><img loading=\"lazy\" decoding=\"async\" src=\"http:\/\/humaaine-chaireia.fr\/wp-content\/uploads\/2020\/02\/serge-pajak-10.jpg?w=120\" alt=\"\" class=\"wp-image-97\" width=\"155\" height=\"155\"\/><\/a><\/figure><\/div>\n\n\n\n<p class=\"has-text-align-center\">Serge PAJAK,<br>Chercheur en \u00e9conomie au RITM<\/p>\n\n\n\n<p style=\"font-size:15.6px\" class=\"has-text-align-justify\"><strong>Serge PAJAK<\/strong>, membre du comit\u00e9 du <a href=\"https:\/\/www.universite-paris-saclay.fr\/fr\/comite-dethique-pour-la-recherche-revu\">comit\u00e9 d\u2019\u00e9thique pour la recherche de l\u2019Universit\u00e9 Paris-Saclay<\/a> et co-directeur du <a href=\"https:\/\/www.universite-paris-saclay.fr\/fr\/formation\/master\/m2-innovation-digital-conseil#presentation-m2\">M2 Innovation, Digital, Conseil<\/a>, est titulaire d&rsquo;un doctorat en \u00e9conomie de l&rsquo;innovation et de la propri\u00e9t\u00e9 intellectuelle obtenu en 2011 \u00e0 T\u00e9l\u00e9com ParisTech.<\/p>\n\n\n\n<p><\/p>\n<\/div><\/div>\n<\/div><\/div>\n<\/div><\/div>\n\n\n\n<div class=\"wp-block-image is-style-rounded\"><figure class=\"aligncenter size-large is-resized\"><a href=\"http:\/\/www.ritm.universite-paris-saclay.fr\/researchers\/fabrice-le-guel\/\" target=\"_blank\" rel=\"noopener noreferrer\"><img loading=\"lazy\" decoding=\"async\" src=\"http:\/\/humaaine-chaireia.fr\/wp-content\/uploads\/2020\/02\/fabrice-le-guel-8.jpg?w=200\" alt=\"\" class=\"wp-image-98\" width=\"153\" height=\"153\" srcset=\"https:\/\/humaaine-chaireia.fr\/wp-content\/uploads\/2020\/02\/fabrice-le-guel-8.jpg 200w, https:\/\/humaaine-chaireia.fr\/wp-content\/uploads\/2020\/02\/fabrice-le-guel-8-150x150.jpg 150w\" sizes=\"(max-width: 153px) 100vw, 153px\" \/><\/a><\/figure><\/div>\n\n\n\n<p class=\"has-text-align-center\">Fabrice LE GUEL,<br>Ma\u00eetre de conf\u00e9rences HDR<br>et chercheur au RITM<\/p>\n\n\n\n<ul class=\"wp-block-list\"><li><strong>Fabrice LE GUEL<\/strong> est \u00e9conomiste, Ma\u00eetre de Conf\u00e9rences (HDR) \u00e0 l&rsquo;Universit\u00e9 Paris-Saclay, membre du laboratoire de recherche<a href=\"http:\/\/www.ritm.universite-paris-saclay.fr\/researchers\/fabrice-le-guel\/\"> RITM<\/a>, Directeur du Master 2 IREN (Industries de R\u00e9seau et \u00c9conomie Num\u00e9rique) pour l&rsquo;Universit\u00e9 Paris-Saclay, membre \u00e9lu de la Commission Recherche de l&rsquo;Universit\u00e9 Paris-Saclay, membre du Conseil Acad\u00e9mique et du Coll\u00e8ge Master de L&rsquo;Universit\u00e9 Paris-Saclay. Il est aussi membre du comit\u00e9 des programmes de L&rsquo;Institut DATAIA (Science des Donn\u00e9es et Intelligence Artificielle) et cofondateur de la Chaire HUMAAINE (HUman-MAchine Affective INteraction &amp; Ethics). <\/li><li>Ses domaines de recherche concernent l&rsquo;\u00e9conomie du num\u00e9rique, l&rsquo;\u00e9conomie de la vie priv\u00e9e, l&rsquo;\u00e9conomie comportementale, l&rsquo;\u00e9conomie computationnelle et la science des donn\u00e9es.<\/li><li>Il anime des groupes de recherche interdisciplinaires (Droit, Informatique, Economie) et conduit plusieurs programmes de recherche interdisciplinaires (rationalit\u00e9 et interactions Homme-Machine, influence via le &lsquo;Nudge&rsquo;, biais des algorithmes et de l&rsquo;IA, march\u00e9 des donn\u00e9es personnelles, march\u00e9 des applications et des objets connect\u00e9s, \u00e9thique de l&rsquo;IA et respect de la vie priv\u00e9e). Il co-dirige 4 th\u00e8ses de doctorat et publie dans des revues scientifiques nationales et internationales. <\/li><li>Il enseigne en L1 et dans diff\u00e9rents M1 (Droit, Economie) et M2 (Master <a href=\"http:\/\/masteriren.eu\">IREN<\/a>); Master <a href=\"https:\/\/masteridc.fr\">IDC<\/a> (Innovation, Digital, Conseil).<\/li><\/ul>\n\n\n\n<div class=\"wp-block-image is-style-rounded\"><figure class=\"aligncenter size-large is-resized\"><a href=\"http:\/\/www.ritm.universite-paris-saclay.fr\/researchers\/theo-marquis\/\" target=\"_blank\" rel=\"noopener noreferrer\"><img loading=\"lazy\" decoding=\"async\" src=\"http:\/\/humaaine-chaireia.fr\/wp-content\/uploads\/2020\/02\/thc3a9o-marquis-8.jpg?w=200\" alt=\"\" class=\"wp-image-100\" width=\"158\" height=\"159\" srcset=\"https:\/\/humaaine-chaireia.fr\/wp-content\/uploads\/2020\/02\/thc3a9o-marquis-8.jpg 200w, https:\/\/humaaine-chaireia.fr\/wp-content\/uploads\/2020\/02\/thc3a9o-marquis-8-150x150.jpg 150w\" sizes=\"(max-width: 158px) 100vw, 158px\" \/><\/a><\/figure><\/div>\n\n\n\n<p class=\"has-text-align-center\">Th\u00e9o MARQUIS,<br>\u00c9conomiste, Doctorant au RITM<\/p>\n\n\n\n<p style=\"font-size:15.6px\"><strong>Th\u00e9o MARQUIS,<\/strong> est doctorant au RITM<\/p>\n\n\n\n<div style=\"height:16px\" aria-hidden=\"true\" class=\"wp-block-spacer desktop-only\"><\/div>\n\n\n\n\n\n<p><\/p>\n","protected":false},"excerpt":{"rendered":"<p>Retrouvez ici les chercheurs qui contribuent \u00e0 faire avancer la science et l&rsquo;\u00e9thique ! Notre \u00e9quipe est compos\u00e9e de quatre chercheurs d\u00e9cid\u00e9s \u00e0 faire avancer&hellip;<\/p>\n","protected":false},"author":1,"featured_media":0,"parent":0,"menu_order":0,"comment_status":"closed","ping_status":"closed","template":"","meta":{"footnotes":""},"class_list":["post-42","page","type-page","status-publish","hentry"],"_links":{"self":[{"href":"https:\/\/humaaine-chaireia.fr\/index.php\/wp-json\/wp\/v2\/pages\/42"}],"collection":[{"href":"https:\/\/humaaine-chaireia.fr\/index.php\/wp-json\/wp\/v2\/pages"}],"about":[{"href":"https:\/\/humaaine-chaireia.fr\/index.php\/wp-json\/wp\/v2\/types\/page"}],"author":[{"embeddable":true,"href":"https:\/\/humaaine-chaireia.fr\/index.php\/wp-json\/wp\/v2\/users\/1"}],"replies":[{"embeddable":true,"href":"https:\/\/humaaine-chaireia.fr\/index.php\/wp-json\/wp\/v2\/comments?post=42"}],"version-history":[{"count":38,"href":"https:\/\/humaaine-chaireia.fr\/index.php\/wp-json\/wp\/v2\/pages\/42\/revisions"}],"predecessor-version":[{"id":844,"href":"https:\/\/humaaine-chaireia.fr\/index.php\/wp-json\/wp\/v2\/pages\/42\/revisions\/844"}],"wp:attachment":[{"href":"https:\/\/humaaine-chaireia.fr\/index.php\/wp-json\/wp\/v2\/media?parent=42"}],"curies":[{"name":"wp","href":"https:\/\/api.w.org\/{rel}","templated":true}]}}