{"id":333,"date":"2020-02-26T16:03:59","date_gmt":"2020-02-26T15:03:59","guid":{"rendered":"https:\/\/humaainechair.wordpress.com\/?page_id=333"},"modified":"2020-02-26T16:03:59","modified_gmt":"2020-02-26T15:03:59","slug":"axe-5","status":"publish","type":"page","link":"https:\/\/humaaine-chaireia.fr\/index.php\/axe-5\/","title":{"rendered":"L&rsquo;\u00e9ducation"},"content":{"rendered":"\n<div class=\"wp-block-cover alignfull has-background-dim has-parallax\" style=\"background-image:url('http:\/\/a8cvm1.files.wordpress.com\/2019\/06\/b2a09-green.jpg');\"><div class=\"wp-block-cover__inner-container is-layout-flow wp-block-cover-is-layout-flow\">\n<h1 class=\"has-text-align-center wp-block-heading\">L&rsquo;\u00e9ducation<\/h1>\n<\/div><\/div>\n\n\n\n<p style=\"font-size:13.6px;\"><strong>-Une cinqui\u00e8me fili\u00e8re<\/strong> sera d\u00e9velopp\u00e9e au travers de cours \u00e0 l&rsquo;Universit\u00e9 Paris-Saclay, Sorbonne- Universit\u00e9, Sciences Po et le MBA L\u00e9onard de Vinci. Plusieurs de nos cours se concentrent sur l&rsquo;<strong>\u00e9pist\u00e9mologie<\/strong>,<strong> \u00e9thique de l&rsquo;IA<\/strong>, l&rsquo;apprentissage automatique, le <strong>nudge<\/strong> et les <strong>robots affectifs et sociaux<\/strong>. <strong><a href=\"http:\/\/laurence-devillers.com\/\">Laurence Devillers<\/a><\/strong> participe \u00e0 un nouveau MBA (Leonard de Vinci) sur l&rsquo;IA qui a d\u00e9but\u00e9 en septembre 2019. <strong><a href=\"http:\/\/www.ritm.universite-paris-saclay.fr\/researchers\/serge-pajak\/\">Serge Pajak<\/a><\/strong>, lui, codirige le master (M2) Innovation, Digital, Conseil de l&rsquo;Universit\u00e9 Paris-Saclay o\u00f9 il est enseignement du cours <em>\u00ab\u00a0L&rsquo;\u00e9thique et le digital\u00a0\u00bb<\/em>. Il enseigne \u00e9galement <em>\u00ab\u00a0l&rsquo;\u00e9thique des exp\u00e9riences de terrain en sciences sociales\u00a0\u00bb<\/em> au doctorat de l&rsquo;Universit\u00e9 Paris-Saclay. Enfin, <strong><a href=\"http:\/\/www.ritm.universite-paris-saclay.fr\/researchers\/fabrice-le-guel\/\">Fabrice Le Guel<\/a><\/strong> enseigne <em>\u00ab\u00a0l&rsquo;\u00e9conomie des donn\u00e9es et des appareils connect\u00e9s\u00a0\u00bb<\/em>. <strong><a href=\"https:\/\/perso.limsi.fr\/wiki\/doku.php\/ioana\/accueil\">Ioana Vasilescu<\/a><\/strong> enseigne une <em>\u00ab\u00a0introduction aux humanit\u00e9s num\u00e9riques\u00a0\u00bb<\/em> \u00e0 ENEAD Sorbonne Nouvelle.<\/p>\n","protected":false},"excerpt":{"rendered":"<p>-Une cinqui\u00e8me fili\u00e8re sera d\u00e9velopp\u00e9e au travers de cours \u00e0 l&rsquo;Universit\u00e9 Paris-Saclay, Sorbonne- Universit\u00e9, Sciences Po et le MBA L\u00e9onard de Vinci. Plusieurs de nos&hellip;<\/p>\n","protected":false},"author":2,"featured_media":0,"parent":0,"menu_order":0,"comment_status":"closed","ping_status":"closed","template":"","meta":{"footnotes":""},"class_list":["post-333","page","type-page","status-publish","hentry"],"_links":{"self":[{"href":"https:\/\/humaaine-chaireia.fr\/index.php\/wp-json\/wp\/v2\/pages\/333"}],"collection":[{"href":"https:\/\/humaaine-chaireia.fr\/index.php\/wp-json\/wp\/v2\/pages"}],"about":[{"href":"https:\/\/humaaine-chaireia.fr\/index.php\/wp-json\/wp\/v2\/types\/page"}],"author":[{"embeddable":true,"href":"https:\/\/humaaine-chaireia.fr\/index.php\/wp-json\/wp\/v2\/users\/2"}],"replies":[{"embeddable":true,"href":"https:\/\/humaaine-chaireia.fr\/index.php\/wp-json\/wp\/v2\/comments?post=333"}],"version-history":[{"count":0,"href":"https:\/\/humaaine-chaireia.fr\/index.php\/wp-json\/wp\/v2\/pages\/333\/revisions"}],"wp:attachment":[{"href":"https:\/\/humaaine-chaireia.fr\/index.php\/wp-json\/wp\/v2\/media?parent=333"}],"curies":[{"name":"wp","href":"https:\/\/api.w.org\/{rel}","templated":true}]}}

L&rsquo;éducation

<div class="wp-block-cover alignfull has-background-dim has-parallax" style="background-image:url('http://a8cvm1.files.wordpress.com/2019/06/b2a09-green.jpg');"><div class="wp-block-cover__inner-container is-layout-flow wp-block-cover-is-layout-flow">
<h1 class="has-text-align-center wp-block-heading">L&rsquo;éducation</h1>
</div></div>



<p style="font-size:13.6px;"><strong>-Une cinquième filière</strong> sera développée au travers de cours à l&rsquo;Université Paris-Saclay, Sorbonne- Université, Sciences Po et le MBA Léonard de Vinci. Plusieurs de nos cours se concentrent sur l&rsquo;<strong>épistémologie</strong>,<strong> éthique de l&rsquo;IA</strong>, l&rsquo;apprentissage automatique, le <strong>nudge</strong> et les <strong>robots affectifs et sociaux</strong>. <strong><a href="http://laurence-devillers.com/">Laurence Devillers</a></strong> participe à un nouveau MBA (Leonard de Vinci) sur l&rsquo;IA qui a débuté en septembre 2019. <strong><a href="http://www.ritm.universite-paris-saclay.fr/researchers/serge-pajak/">Serge Pajak</a></strong>, lui, codirige le master (M2) Innovation, Digital, Conseil de l&rsquo;Université Paris-Saclay où il est enseignement du cours <em>« L&rsquo;éthique et le digital »</em>. Il enseigne également <em>« l&rsquo;éthique des expériences de terrain en sciences sociales »</em> au doctorat de l&rsquo;Université Paris-Saclay. Enfin, <strong><a href="http://www.ritm.universite-paris-saclay.fr/researchers/fabrice-le-guel/">Fabrice Le Guel</a></strong> enseigne <em>« l&rsquo;économie des données et des appareils connectés »</em>. <strong><a href="https://perso.limsi.fr/wiki/doku.php/ioana/accueil">Ioana Vasilescu</a></strong> enseigne une <em>« introduction aux humanités numériques »</em> à ENEAD Sorbonne Nouvelle.</p>

<p>-Une cinquième filière sera développée au travers de cours à l&rsquo;Université Paris-Saclay, Sorbonne- Université, Sciences Po et le MBA Léonard de Vinci. Plusieurs de nos&hellip;</p>
